{"id":36,"date":"2026-02-24T19:35:07","date_gmt":"2026-02-24T19:35:07","guid":{"rendered":"http:\/\/restaurantbeaurivage38.fr\/?page_id=36"},"modified":"2026-04-14T18:29:02","modified_gmt":"2026-04-14T17:29:02","slug":"notre-carte","status":"publish","type":"page","link":"https:\/\/restaurantbeaurivage38.fr\/?page_id=36","title":{"rendered":"Notre carte"},"content":{"rendered":"\n<h2 class=\"wp-block-heading\"><strong>Une cuisine guid\u00e9e par le produit<\/strong><\/h2>\n\n\n\n<p>Au Beau Rivage, chaque assiette raconte une histoire : celle des saisons, du terroir et du savoir-faire.<br>Notre cuisine traditionnelle revisit\u00e9e met \u00e0 l\u2019honneur des produits frais, s\u00e9lectionn\u00e9s avec exigence aupr\u00e8s de producteurs locaux et r\u00e9gionaux.<\/p>\n\n\n\n<p>La carte \u00e9volue au fil des arrivages et des inspirations du chef, afin de garantir fra\u00eecheur, qualit\u00e9 et authenticit\u00e9.<\/p>\n\n\n\n<figure class=\"wp-block-image aligncenter size-medium\" style=\"margin-top:var(--wp--preset--spacing--x-small);margin-bottom:var(--wp--preset--spacing--x-small)\"><img loading=\"lazy\" decoding=\"async\" width=\"300\" height=\"29\" src=\"https:\/\/restaurantbeaurivage38.fr\/wp-content\/uploads\/2026\/03\/Petite-vague-pointe-300x29.png\" alt=\"Petite vague de poissons pointe\" class=\"wp-image-136\" srcset=\"https:\/\/restaurantbeaurivage38.fr\/wp-content\/uploads\/2026\/03\/Petite-vague-pointe-300x29.png 300w, https:\/\/restaurantbeaurivage38.fr\/wp-content\/uploads\/2026\/03\/Petite-vague-pointe.png 436w\" sizes=\"auto, (max-width: 300px) 100vw, 300px\" \/><\/figure>\n\n\n\n<h2 class=\"wp-block-heading\"><strong>Notre carte<\/strong><\/h2>\n\n\n\n<p>De l\u2019entr\u00e9e au dessert, notre carte c\u00e9l\u00e8bre une cuisine traditionnelle revisit\u00e9e, o\u00f9 chaque d\u00e9tail compte.<br>Des saveurs justes, des produits de saison et une cuisine sinc\u00e8re.<\/p>\n\n\n\n<div data-aos= \"fade-right\" data-aos-duration=\"400\" data-aos-delay=\"0\" data-aos-easing=\"ease\" data-aos-once=\"true\" class=\"wp-block-uagb-tabs uagb-block-1e6994a9 uagb-tabs__wrap uagb-tabs__hstyle4-desktop uagb-tabs__vstyle6-tablet uagb-tabs__stack1-mobile\" data-tab-active=\"0\"><ul class=\"uagb-tabs__panel uagb-tabs__align-center\" role=\"tablist\"><li class=\"uagb-tab uagb-tabs__active\" role=\"none\"><a href=\"#uagb-tabs__tab0\" class=\"uagb-tabs-list uagb-tabs__icon-position-left\" data-tab=\"0\" role=\"tab\"><div>Entr\u00e9es<\/div><\/a><\/li><li class=\"uagb-tab \" role=\"none\"><a href=\"#uagb-tabs__tab1\" class=\"uagb-tabs-list uagb-tabs__icon-position-left\" data-tab=\"1\" role=\"tab\"><div>Plats<\/div><\/a><\/li><li class=\"uagb-tab \" role=\"none\"><a href=\"#uagb-tabs__tab2\" class=\"uagb-tabs-list uagb-tabs__icon-position-left\" data-tab=\"2\" role=\"tab\"><div>Desserts<\/div><\/a><\/li><\/ul><div class=\"uagb-tabs__body-wrap\">\n<div class=\"wp-block-uagb-tabs-child uagb-tabs__body-container uagb-inner-tab-0\" aria-labelledby=\"uagb-tabs__tab0\">\n<p class=\"has-text-align-center\"><strong>Rosace de truite fum\u00e9e maison\u00a0~\u00a017\u20ac<br><\/strong><em>Beurre parfum\u00e9 au piment d\u2019Espelette, baies roses, aneth et citron confit<\/em><\/p>\n\n\n\n<hr class=\"wp-block-separator has-alpha-channel-opacity\"\/>\n\n\n\n<p class=\"has-text-align-center\"><strong>Friture de jo\u00ebls<\/strong> <strong>~\u00a013\u20ac<br><\/strong><em><em>Salade croquante, pickles de l\u00e9gumes et beurre blanc maison<\/em><\/em><\/p>\n\n\n\n<hr class=\"wp-block-separator has-alpha-channel-opacity\"\/>\n\n\n\n<p class=\"has-text-align-center\"><strong>Terrine de foie gras mi-cuit maison<\/strong> <strong>~\u00a018\u20ac<br><\/strong><em><em><em>Chutney de fruits de saison et brioche toast\u00e9e<\/em><\/em><\/em><\/p>\n\n\n\n<hr class=\"wp-block-separator has-alpha-channel-opacity\"\/>\n\n\n\n<p class=\"has-text-align-center\"><strong>\u0152uf parfait et petits pois<\/strong> <strong>~\u00a014\u20ac<br><\/strong><em><em><em><em>Velout\u00e9 de petits pois \u00e0 la menthe, \u0153uf parfait, chips de lard et pain grill\u00e9<\/em><\/em><\/em><\/em><\/p>\n\n\n\n<hr class=\"wp-block-separator has-alpha-channel-opacity\"\/>\n\n\n\n<p class=\"has-text-align-center\"><strong>Assiette Beau Rivage ~\u00a020\u20ac<br><\/strong><em><em><em><em><em>Rosace de truite fum\u00e9e maison et terrine de foie gras mi-cuit maison<\/em><\/em><\/em><\/em><\/em><\/p>\n<\/div>\n\n\n\n<div class=\"wp-block-uagb-tabs-child uagb-tabs__body-container uagb-inner-tab-1\" aria-labelledby=\"uagb-tabs__tab1\">\n<p class=\"has-text-align-center\"><strong>Omble chevalier cuit \u00e0 basse temp\u00e9rature\u00a0~\u00a029\u20ac<br><\/strong><em><em>Omble chevalier de la pisciculture Murgat, cuit \u00e0 basse temp\u00e9rature, l\u00e9gumes primeurs de saison, gratin dauphinois et beurre blanc citronn\u00e9<\/em><\/em><\/p>\n\n\n\n<hr class=\"wp-block-separator has-alpha-channel-opacity\"\/>\n\n\n\n<p class=\"has-text-align-center\"><strong><strong>Supr\u00eame de volaille fermi\u00e8re, morilles et vin jaune\u00a0~\u00a026\u20ac<br><\/strong><\/strong><em><em><em>Volaille r\u00f4tie, jus cr\u00e9meux aux morilles et vin jaune, l\u00e9gumes primeurs de saison, gratin dauphinois<\/em><\/em><\/em> chevalier cuit \u00e0 basse temp\u00e9rature\u00a0<\/p>\n\n\n\n<hr class=\"wp-block-separator has-alpha-channel-opacity\"\/>\n\n\n\n<p class=\"has-text-align-center\"><strong>Tournedos de filet de b\u0153uf\u00a0~\u00a031\u20ac<br><\/strong><em><em><em><em>Tournedos de filet de b\u0153uf, l\u00e9gumes primeurs de saison, gratin dauphinois et jus cors\u00e9 au thym<\/em><\/em><\/em><\/em><\/p>\n\n\n\n<hr class=\"wp-block-separator has-alpha-channel-opacity\"\/>\n\n\n\n<p class=\"has-text-align-center\"><strong>Friture de jo\u00ebls\u00a0~\u00a021\u20ac<br><\/strong><em><em><em><em><em>Gratin dauphinois, salade et pickles de l\u00e9gumes, beurre blanc<\/em><\/em><\/em><\/em><\/em><\/p>\n\n\n\n<hr class=\"wp-block-separator has-alpha-channel-opacity\"\/>\n\n\n\n<p class=\"has-text-align-center\"><strong>Risotto aux l\u00e9gumes grill\u00e9s et au pesto\u00a0~\u00a024\u20ac<br><\/strong><em><em><em><em><em><em>Risotto cr\u00e9meux aux l\u00e9gumes de saison, mascarpone, pesto de basilic maison et pignons de pin torr\u00e9fi\u00e9s<\/em><\/em><\/em><\/em><\/em><\/em><\/p>\n<\/div>\n\n\n\n<div class=\"wp-block-uagb-tabs-child uagb-tabs__body-container uagb-inner-tab-2\" aria-labelledby=\"uagb-tabs__tab2\">\n<p class=\"has-text-align-center\"><strong>Ile flottante \u00e0 la Chartreuse ~\u00a08\u20ac<br><\/strong><em><em><em>Cr\u00e8me anglaise vanill\u00e9e, insert Chartreuse et amande effil\u00e9es<\/em><\/em><\/em><\/p>\n\n\n\n<hr class=\"wp-block-separator has-alpha-channel-opacity\"\/>\n\n\n\n<p class=\"has-text-align-center\"><strong>Nougat glac\u00e9 au miel et G\u00e9n\u00e9pi~ 9\u20ac<br><\/strong><em><em><em><em>Miel de fleur, noix caram\u00e9lis\u00e9, coulis fruit rouge<\/em><\/em><\/em><\/em><\/p>\n\n\n\n<hr class=\"wp-block-separator has-alpha-channel-opacity\"\/>\n\n\n\n<p class=\"has-text-align-center\"><strong>Mi-cuit au chocolat Bonnat<\/strong> <strong>~\u00a09\u20ac<br><\/strong><em><em><em><em>Chocolat Bonnat, glace vanille et chantilly<\/em><\/em><\/em><\/em><\/p>\n\n\n\n<hr class=\"wp-block-separator has-alpha-channel-opacity\"\/>\n\n\n\n<p class=\"has-text-align-center\"><strong>Fines croustilles aux pommes~\u00a09\u20ac<br><\/strong><em><em><em><em><em>Fa\u00e7on tatin, glace vanille<\/em><\/em><\/em><\/em><\/em><\/p>\n\n\n\n<hr class=\"wp-block-separator has-alpha-channel-opacity\"\/>\n\n\n\n<p class=\"has-text-align-center\"><strong>Assiette de fromage<\/strong> <strong>~\u00a08\u20ac<br><\/strong><em><em><em><em><em>3 fromages au choix selon notre s\u00e9lection<\/em><\/em><\/em><\/em><\/em><\/p>\n\n\n\n<hr class=\"wp-block-separator has-alpha-channel-opacity\"\/>\n\n\n\n<p class=\"has-text-align-center\"><strong>Faisselle<\/strong> <strong>~\u00a06\u20ac<br><\/strong><em><em><em><em><em><em>Nature, cr\u00e8me, coulis ou sucre<\/em><\/em><\/em><\/em><\/em><\/em><\/p>\n<\/div>\n<\/div><\/div>\n\n\n\n<p><\/p>\n","protected":false},"excerpt":{"rendered":"<p>Une cuisine guid\u00e9e par le produit Au Beau Rivage, chaque assiette raconte une histoire : celle des saisons, du terroir et du savoir-faire.Notre cuisine traditionnelle revisit\u00e9e met \u00e0 l\u2019honneur des produits frais, s\u00e9lectionn\u00e9s avec exigence aupr\u00e8s de producteurs locaux et r\u00e9gionaux. La carte \u00e9volue au fil des arrivages et des inspirations du chef, afin de &hellip; <\/p>\n<p class=\"link-more\"><a href=\"https:\/\/restaurantbeaurivage38.fr\/?page_id=36\" class=\"more-link\">Lire la suite de<span class=\"screen-reader-text\">\u00ab\u00a0Notre carte\u00a0\u00bb<\/span><\/a><\/p>\n","protected":false},"author":1,"featured_media":30,"parent":0,"menu_order":0,"comment_status":"closed","ping_status":"closed","template":"","meta":{"_uag_custom_page_level_css":"","inspiro_hide_title":false,"footnotes":""},"class_list":["post-36","page","type-page","status-publish","has-post-thumbnail","hentry"],"yoast_head":"<!-- This site is optimized with the Yoast SEO plugin v27.3 - https:\/\/yoast.com\/product\/yoast-seo-wordpress\/ -->\n<title>Notre carte - Restaurant Beau Rivage<\/title>\n<meta name=\"description\" content=\"La carte du Beau Rivage met en avant une cuisine traditionnelle revisit\u00e9e pour chaque moment de la journ\u00e9e.\" \/>\n<meta name=\"robots\" content=\"index, follow, max-snippet:-1, max-image-preview:large, max-video-preview:-1\" \/>\n<link rel=\"canonical\" href=\"https:\/\/restaurantbeaurivage38.fr\/?page_id=36\" \/>\n<meta property=\"og:locale\" content=\"fr_FR\" \/>\n<meta property=\"og:type\" content=\"article\" \/>\n<meta property=\"og:title\" content=\"Notre carte - Restaurant Beau Rivage\" \/>\n<meta property=\"og:description\" content=\"La carte du Beau Rivage met en avant une cuisine traditionnelle revisit\u00e9e pour chaque moment de la journ\u00e9e.\" \/>\n<meta property=\"og:url\" content=\"https:\/\/restaurantbeaurivage38.fr\/?page_id=36\" \/>\n<meta property=\"og:site_name\" content=\"Restaurant Beau Rivage\" \/>\n<meta property=\"article:modified_time\" content=\"2026-04-14T17:29:02+00:00\" \/>\n<meta property=\"og:image\" content=\"http:\/\/restaurantbeaurivage38.fr\/wp-content\/uploads\/2026\/02\/poisson-grille-1-scaled-1.jpg\" \/>\n\t<meta property=\"og:image:width\" content=\"2560\" \/>\n\t<meta property=\"og:image:height\" content=\"1707\" \/>\n\t<meta property=\"og:image:type\" content=\"image\/jpeg\" \/>\n<meta name=\"twitter:card\" content=\"summary_large_image\" \/>\n<meta name=\"twitter:label1\" content=\"Dur\u00e9e de lecture estim\u00e9e\" \/>\n\t<meta name=\"twitter:data1\" content=\"3 minutes\" \/>\n<script type=\"application\/ld+json\" class=\"yoast-schema-graph\">{\"@context\":\"https:\\\/\\\/schema.org\",\"@graph\":[{\"@type\":\"WebPage\",\"@id\":\"https:\\\/\\\/restaurantbeaurivage38.fr\\\/?page_id=36\",\"url\":\"https:\\\/\\\/restaurantbeaurivage38.fr\\\/?page_id=36\",\"name\":\"Notre carte - Restaurant Beau Rivage\",\"isPartOf\":{\"@id\":\"http:\\\/\\\/restaurantbeaurivage38.fr\\\/#website\"},\"primaryImageOfPage\":{\"@id\":\"https:\\\/\\\/restaurantbeaurivage38.fr\\\/?page_id=36#primaryimage\"},\"image\":{\"@id\":\"https:\\\/\\\/restaurantbeaurivage38.fr\\\/?page_id=36#primaryimage\"},\"thumbnailUrl\":\"https:\\\/\\\/restaurantbeaurivage38.fr\\\/wp-content\\\/uploads\\\/2026\\\/02\\\/poisson-grille-1-scaled-1.jpg\",\"datePublished\":\"2026-02-24T19:35:07+00:00\",\"dateModified\":\"2026-04-14T17:29:02+00:00\",\"description\":\"La carte du Beau Rivage met en avant une cuisine traditionnelle revisit\u00e9e pour chaque moment de la journ\u00e9e.\",\"breadcrumb\":{\"@id\":\"https:\\\/\\\/restaurantbeaurivage38.fr\\\/?page_id=36#breadcrumb\"},\"inLanguage\":\"fr-FR\",\"potentialAction\":[{\"@type\":\"ReadAction\",\"target\":[\"https:\\\/\\\/restaurantbeaurivage38.fr\\\/?page_id=36\"]}]},{\"@type\":\"ImageObject\",\"inLanguage\":\"fr-FR\",\"@id\":\"https:\\\/\\\/restaurantbeaurivage38.fr\\\/?page_id=36#primaryimage\",\"url\":\"https:\\\/\\\/restaurantbeaurivage38.fr\\\/wp-content\\\/uploads\\\/2026\\\/02\\\/poisson-grille-1-scaled-1.jpg\",\"contentUrl\":\"https:\\\/\\\/restaurantbeaurivage38.fr\\\/wp-content\\\/uploads\\\/2026\\\/02\\\/poisson-grille-1-scaled-1.jpg\",\"width\":2560,\"height\":1707},{\"@type\":\"BreadcrumbList\",\"@id\":\"https:\\\/\\\/restaurantbeaurivage38.fr\\\/?page_id=36#breadcrumb\",\"itemListElement\":[{\"@type\":\"ListItem\",\"position\":1,\"name\":\"Accueil\",\"item\":\"https:\\\/\\\/restaurantbeaurivage38.fr\\\/\"},{\"@type\":\"ListItem\",\"position\":2,\"name\":\"Notre carte\"}]},{\"@type\":\"WebSite\",\"@id\":\"http:\\\/\\\/restaurantbeaurivage38.fr\\\/#website\",\"url\":\"http:\\\/\\\/restaurantbeaurivage38.fr\\\/\",\"name\":\"Restaurant Beau Rivage\",\"description\":\"\",\"publisher\":{\"@id\":\"http:\\\/\\\/restaurantbeaurivage38.fr\\\/#organization\"},\"potentialAction\":[{\"@type\":\"SearchAction\",\"target\":{\"@type\":\"EntryPoint\",\"urlTemplate\":\"http:\\\/\\\/restaurantbeaurivage38.fr\\\/?s={search_term_string}\"},\"query-input\":{\"@type\":\"PropertyValueSpecification\",\"valueRequired\":true,\"valueName\":\"search_term_string\"}}],\"inLanguage\":\"fr-FR\"},{\"@type\":\"Organization\",\"@id\":\"http:\\\/\\\/restaurantbeaurivage38.fr\\\/#organization\",\"name\":\"Restaurant Beau Rivage\",\"url\":\"http:\\\/\\\/restaurantbeaurivage38.fr\\\/\",\"logo\":{\"@type\":\"ImageObject\",\"inLanguage\":\"fr-FR\",\"@id\":\"http:\\\/\\\/restaurantbeaurivage38.fr\\\/#\\\/schema\\\/logo\\\/image\\\/\",\"url\":\"https:\\\/\\\/restaurantbeaurivage38.fr\\\/wp-content\\\/uploads\\\/2026\\\/04\\\/cropped-Beau-Rivage-Logo-Site-Internet-3-1.png\",\"contentUrl\":\"https:\\\/\\\/restaurantbeaurivage38.fr\\\/wp-content\\\/uploads\\\/2026\\\/04\\\/cropped-Beau-Rivage-Logo-Site-Internet-3-1.png\",\"width\":750,\"height\":187,\"caption\":\"Restaurant Beau Rivage\"},\"image\":{\"@id\":\"http:\\\/\\\/restaurantbeaurivage38.fr\\\/#\\\/schema\\\/logo\\\/image\\\/\"}}]}<\/script>\n<!-- \/ Yoast SEO plugin. -->","yoast_head_json":{"title":"Notre carte - Restaurant Beau Rivage","description":"La carte du Beau Rivage met en avant une cuisine traditionnelle revisit\u00e9e pour chaque moment de la journ\u00e9e.","robots":{"index":"index","follow":"follow","max-snippet":"max-snippet:-1","max-image-preview":"max-image-preview:large","max-video-preview":"max-video-preview:-1"},"canonical":"https:\/\/restaurantbeaurivage38.fr\/?page_id=36","og_locale":"fr_FR","og_type":"article","og_title":"Notre carte - Restaurant Beau Rivage","og_description":"La carte du Beau Rivage met en avant une cuisine traditionnelle revisit\u00e9e pour chaque moment de la journ\u00e9e.","og_url":"https:\/\/restaurantbeaurivage38.fr\/?page_id=36","og_site_name":"Restaurant Beau Rivage","article_modified_time":"2026-04-14T17:29:02+00:00","og_image":[{"width":2560,"height":1707,"url":"http:\/\/restaurantbeaurivage38.fr\/wp-content\/uploads\/2026\/02\/poisson-grille-1-scaled-1.jpg","type":"image\/jpeg"}],"twitter_card":"summary_large_image","twitter_misc":{"Dur\u00e9e de lecture estim\u00e9e":"3 minutes"},"schema":{"@context":"https:\/\/schema.org","@graph":[{"@type":"WebPage","@id":"https:\/\/restaurantbeaurivage38.fr\/?page_id=36","url":"https:\/\/restaurantbeaurivage38.fr\/?page_id=36","name":"Notre carte - Restaurant Beau Rivage","isPartOf":{"@id":"http:\/\/restaurantbeaurivage38.fr\/#website"},"primaryImageOfPage":{"@id":"https:\/\/restaurantbeaurivage38.fr\/?page_id=36#primaryimage"},"image":{"@id":"https:\/\/restaurantbeaurivage38.fr\/?page_id=36#primaryimage"},"thumbnailUrl":"https:\/\/restaurantbeaurivage38.fr\/wp-content\/uploads\/2026\/02\/poisson-grille-1-scaled-1.jpg","datePublished":"2026-02-24T19:35:07+00:00","dateModified":"2026-04-14T17:29:02+00:00","description":"La carte du Beau Rivage met en avant une cuisine traditionnelle revisit\u00e9e pour chaque moment de la journ\u00e9e.","breadcrumb":{"@id":"https:\/\/restaurantbeaurivage38.fr\/?page_id=36#breadcrumb"},"inLanguage":"fr-FR","potentialAction":[{"@type":"ReadAction","target":["https:\/\/restaurantbeaurivage38.fr\/?page_id=36"]}]},{"@type":"ImageObject","inLanguage":"fr-FR","@id":"https:\/\/restaurantbeaurivage38.fr\/?page_id=36#primaryimage","url":"https:\/\/restaurantbeaurivage38.fr\/wp-content\/uploads\/2026\/02\/poisson-grille-1-scaled-1.jpg","contentUrl":"https:\/\/restaurantbeaurivage38.fr\/wp-content\/uploads\/2026\/02\/poisson-grille-1-scaled-1.jpg","width":2560,"height":1707},{"@type":"BreadcrumbList","@id":"https:\/\/restaurantbeaurivage38.fr\/?page_id=36#breadcrumb","itemListElement":[{"@type":"ListItem","position":1,"name":"Accueil","item":"https:\/\/restaurantbeaurivage38.fr\/"},{"@type":"ListItem","position":2,"name":"Notre carte"}]},{"@type":"WebSite","@id":"http:\/\/restaurantbeaurivage38.fr\/#website","url":"http:\/\/restaurantbeaurivage38.fr\/","name":"Restaurant Beau Rivage","description":"","publisher":{"@id":"http:\/\/restaurantbeaurivage38.fr\/#organization"},"potentialAction":[{"@type":"SearchAction","target":{"@type":"EntryPoint","urlTemplate":"http:\/\/restaurantbeaurivage38.fr\/?s={search_term_string}"},"query-input":{"@type":"PropertyValueSpecification","valueRequired":true,"valueName":"search_term_string"}}],"inLanguage":"fr-FR"},{"@type":"Organization","@id":"http:\/\/restaurantbeaurivage38.fr\/#organization","name":"Restaurant Beau Rivage","url":"http:\/\/restaurantbeaurivage38.fr\/","logo":{"@type":"ImageObject","inLanguage":"fr-FR","@id":"http:\/\/restaurantbeaurivage38.fr\/#\/schema\/logo\/image\/","url":"https:\/\/restaurantbeaurivage38.fr\/wp-content\/uploads\/2026\/04\/cropped-Beau-Rivage-Logo-Site-Internet-3-1.png","contentUrl":"https:\/\/restaurantbeaurivage38.fr\/wp-content\/uploads\/2026\/04\/cropped-Beau-Rivage-Logo-Site-Internet-3-1.png","width":750,"height":187,"caption":"Restaurant Beau Rivage"},"image":{"@id":"http:\/\/restaurantbeaurivage38.fr\/#\/schema\/logo\/image\/"}}]}},"uagb_featured_image_src":{"full":["https:\/\/restaurantbeaurivage38.fr\/wp-content\/uploads\/2026\/02\/poisson-grille-1-scaled-1.jpg",2560,1707,false],"thumbnail":["https:\/\/restaurantbeaurivage38.fr\/wp-content\/uploads\/2026\/02\/poisson-grille-1-scaled-1-150x150.jpg",150,150,true],"medium":["https:\/\/restaurantbeaurivage38.fr\/wp-content\/uploads\/2026\/02\/poisson-grille-1-scaled-1-300x200.jpg",300,200,true],"medium_large":["https:\/\/restaurantbeaurivage38.fr\/wp-content\/uploads\/2026\/02\/poisson-grille-1-scaled-1.jpg",768,512,false],"large":["https:\/\/restaurantbeaurivage38.fr\/wp-content\/uploads\/2026\/02\/poisson-grille-1-scaled-1-1024x683.jpg",950,634,true],"1536x1536":["https:\/\/restaurantbeaurivage38.fr\/wp-content\/uploads\/2026\/02\/poisson-grille-1-scaled-1-1536x1024.jpg",1536,1024,true],"2048x2048":["https:\/\/restaurantbeaurivage38.fr\/wp-content\/uploads\/2026\/02\/poisson-grille-1-scaled-1-2048x1366.jpg",2048,1366,true],"inspiro-featured-image":["https:\/\/restaurantbeaurivage38.fr\/wp-content\/uploads\/2026\/02\/poisson-grille-1-scaled-1-2000x1334.jpg",2000,1334,true],"inspiro-loop":["https:\/\/restaurantbeaurivage38.fr\/wp-content\/uploads\/2026\/02\/poisson-grille-1-scaled-1-950x320.jpg",950,320,true],"inspiro-loop@2x":["https:\/\/restaurantbeaurivage38.fr\/wp-content\/uploads\/2026\/02\/poisson-grille-1-scaled-1-1900x640.jpg",1900,640,true]},"uagb_author_info":{"display_name":"Impact'com","author_link":"https:\/\/restaurantbeaurivage38.fr\/?author=1"},"uagb_comment_info":0,"uagb_excerpt":"Une cuisine guid\u00e9e par le produit Au Beau Rivage, chaque assiette raconte une histoire : celle des saisons, du terroir et du savoir-faire.Notre cuisine traditionnelle revisit\u00e9e met \u00e0 l\u2019honneur des produits frais, s\u00e9lectionn\u00e9s avec exigence aupr\u00e8s de producteurs locaux et r\u00e9gionaux. La carte \u00e9volue au fil des arrivages et des inspirations du chef, afin de\u2026","_links":{"self":[{"href":"https:\/\/restaurantbeaurivage38.fr\/index.php?rest_route=\/wp\/v2\/pages\/36","targetHints":{"allow":["GET"]}}],"collection":[{"href":"https:\/\/restaurantbeaurivage38.fr\/index.php?rest_route=\/wp\/v2\/pages"}],"about":[{"href":"https:\/\/restaurantbeaurivage38.fr\/index.php?rest_route=\/wp\/v2\/types\/page"}],"author":[{"embeddable":true,"href":"https:\/\/restaurantbeaurivage38.fr\/index.php?rest_route=\/wp\/v2\/users\/1"}],"replies":[{"embeddable":true,"href":"https:\/\/restaurantbeaurivage38.fr\/index.php?rest_route=%2Fwp%2Fv2%2Fcomments&post=36"}],"version-history":[{"count":34,"href":"https:\/\/restaurantbeaurivage38.fr\/index.php?rest_route=\/wp\/v2\/pages\/36\/revisions"}],"predecessor-version":[{"id":338,"href":"https:\/\/restaurantbeaurivage38.fr\/index.php?rest_route=\/wp\/v2\/pages\/36\/revisions\/338"}],"wp:featuredmedia":[{"embeddable":true,"href":"https:\/\/restaurantbeaurivage38.fr\/index.php?rest_route=\/wp\/v2\/media\/30"}],"wp:attachment":[{"href":"https:\/\/restaurantbeaurivage38.fr\/index.php?rest_route=%2Fwp%2Fv2%2Fmedia&parent=36"}],"curies":[{"name":"wp","href":"https:\/\/api.w.org\/{rel}","templated":true}]}}